*3 + 7*z**2 - 6*z - 4. Let o be g(4). Calculate the highest common factor of 20 and o.
20
Suppose 3*k = 2*b + 28, -k - 4*b + 14 = -0*b. Suppose 0 = -2*j - 3*j + k. Let r = j + 20. Calculate the greatest common factor of r and 176.
22
Suppose -5*l - u + 97 = 2*u, 0 = 2*l + 2*u - 42. Suppose -5*n + 214 = -4*c - 571, -c = 5. What is the greatest common divisor of l and n?
17
Suppose 3*k = -0*k - 12, 0 = -4*o + k - 248. Let b = o + 105. What is the greatest common factor of 28 and b?
14
Let d = -14 - -24. Calculate the highest common factor of 2 and d.
2
Suppose 0*s - 3*s + 3*l + 51 = 0, -2*s + 4*l + 36 = 0. Let d be (62/(-4))/(1/(-2)). Suppose 3*h + d = 127. What is the greatest common factor of s and h?
16
Let q(y) = 14*y - 4. Let s be q(1). What is the greatest common factor of 80 and s?
10
Suppose t - 3*c - 331 = 3*t, 5*c - 815 = 5*t. Let n = t + 282. Let o = -73 + n. Calculate the highest common factor of 15 and o.
15
Let a(f) = 2*f - 6. Let o be a(-6). Let j = o + 34. Calculate the highest common factor of j and 144.
16
Let f be (-288)/(-27)*3/2. Let d = f - 3. What is the highest common factor of d and 13?
13
Let d(v) = 32*v - 8. Let y be d(3). Calculate the greatest common divisor of 11 and y.
11
Suppose -3*z + 277 = -62. Let a = z + -43. Calculate the highest common factor of a and 10.
10
Let z be 5/(60/(-8))*-33. Suppose -2*q = 3*d - 728, d + 5*q - 489 = -d. What is the highest common factor of d and z?
22
Let z(i) = -3*i + 11. Let c be z(-5). Let g(u) = -u**3 - 4*u**2 + 2*u + 5. Let p be g(-6). What is the greatest common divisor of p and c?
13
Suppose 20 = 5*x + 80. Let m be ((-17)/4)/(1/x). Let k = -8 + 25. Calculate the greatest common factor of m and k.
17
Suppose 82*x - 87*x + 110 = 0. Suppose -2*y = -4*p + 122, y + 56 = 2*p - y. Calculate the highest common factor of x and p.
11
Suppose -4*m = o - 80, -o - 3*m + 84 = 9. Let x(p) = -p**3 + 7*p**2 - 3*p - 6. Let r be x(6). Calculate the highest common divisor of o and r.
12
Let t(d) = 21*d**2 + d - 2. Let w be t(2). Calculate the highest common divisor of w and 12.
12
Suppose -474 = -5*i + 3*o - 4*o, 4*o = 5*i - 479. Let q = -65 + i. Let z(r) = 8*r - 4. Let x be z(3). What is the greatest common factor of q and x?
10
Suppose 0 = 26*f - 29*f + 30. Calculate the greatest common divisor of 80 and f.
10
Let j(n) = -20*n + 4. Suppose -s = -0*s + 7. Let d be j(s). Suppose d = 6*z - 2*z. What is the highest common divisor of z and 9?
9
Let r = -7 - -37. Let k = -51 + r. Let b = 59 - k. What is the highest common divisor of b and 32?
16
Let i = -5 + 6. Let k be i + (-2 - (-27 + -1)). Calculate the greatest common factor of k and 3.
3
Suppose -225 = -6*p + p. Calculate the greatest common factor of 30 and p.
15
Suppose -105 = 2*n - 255. What is the greatest common divisor of 50 and n?
25
Let w(l) = 5*l**2 - 2*l + 2. Let b be w(1). Calculate the greatest common factor of b and 20.
5
Let i be (2/5)/((-5)/(-25)). Let s(k) = -k + 1. Let w(r) = -3*r - 5. Let o(d) = i*s(d) - w(d). Let a be o(5). What is the greatest common divisor of a and 36?
12
Suppose -3*v = -124 - 116. Let i = -140 + 156. Calculate the greatest common factor of v and i.
16
Let w be -270*((-17)/15 + 9/27). What is the greatest common factor of 24 and w?
24
Suppose f = -5*g + 41, 4 - 23 = -3*g - 2*f. Calculate the greatest common factor of g and 63.
9
Let n be (-1 - 1)*(0 + -2). Let s = 48 + 36. Suppose 0 = -4*t + t + s. What is the highest common divisor of n and t?
4
Let i = -79 + 119. Let s = -7 + 27. Suppose 5*p = s - 0. What is the greatest common factor of i and p?
4
Let u = 28 - 17. Let r be (3/6)/((-7)/(-14)). Calculate the greatest common factor of u and r.
1
Suppose 5*g - 76 = 5*s - 2*s, 4*s = 12. Suppose -2*w + 3 = -2*q + g, -3*w + 23 = q. What is the greatest common factor of q and 55?
11
Suppose -2*q = -4*q. Suppose 5*m - 91 - 109 = q. Calculate the highest common factor of m and 5.
5
Suppose -l - a + 49 + 2 = 0, 5*l - 253 = -3*a. What is the greatest common factor of 25 and l?
25
Let y(x) = x**2 + 5*x + 2. Let n be y(3). What is the highest common divisor of n and 39?
13
Let j be 4/(24/130) + 3/9. Calculate the highest common divisor of j and 154.
22
Let o = -5 - -7. Let a be 2*(-1 + o)/2. Let p be 2 + (7 - (2 - a)). What is the highest common divisor of 24 and p?
8
Let a = 11 - 5. Suppose -l - 5*n = -45, -a - 4 = -l + 2*n. Calculate the greatest common factor of 5 and l.
5
Let w be 1/(91/(-23) - -4). What is the greatest common divisor of w and 69?
23
Suppose 5*p - 4*j = 124, 3*p = 5*j - 3*j + 74. Let i be 246/15 - (-2)/(-5). Calculate the greatest common factor of p and i.
8
Suppose 3*a = 4*b + 67, -2*b + 87 = 4*a + 5. Let m = 29 + a. Calculate the greatest common divisor of 20 and m.
10
Let u(z) = z**3 + 2*z**2 + 30. Let w be u(0). Calculate the highest common divisor of w and 15.
15
Suppose -5*i = -d + 56, -4*d + 224 = -0*d + 5*i. What is the highest common factor of d and 28?
28
Let p = -229 - -416. What is the greatest common factor of p and 17?
17
Let z(s) = s**2 - 20*s + 31. Let u be z(20). Calculate the highest common factor of u and 124.
31
Suppose -p + 9 = x, -2*x = -2*p + x + 38. Calculate the greatest common divisor of 117 and p.
13
Let f = -7 + 15. Suppose -3*v + f*v - 20 = 0. Let q be 178/5 - (-6)/15. Calculate the greatest common factor of q and v.
4
Let z(j) = -j**2 + 33*j + 6. Let p be z(20). Calculate the greatest common divisor of 38 and p.
38
Suppose 5*r - g = 3*r + 5, -4*r + g + 15 = 0. Let f = 6 + r. Calculate the greatest common divisor of 44 and f.
11
Let x be (1 - 5)/(4/(-8)). Calculate the highest common divisor of x and 8.
8
Suppose -2*p - p = 0. Suppose p = -2*y + 5*m + 6, -5*y + 32 = -2*y + 4*m. Let c = 9 + 3. What is the greatest common factor of y and c?
4
Let y = 268 - 158. Suppose 2*u + b - y = -0*u, -5*u = 5*b - 275. Let l be 438/11 - (-10)/u. Calculate the greatest common divisor of l and 10.
10
Let l = -2 + 5. Suppose 0 = 5*h - l*j - 27, -6*h + 2*j + 10 = -4*h. Suppose -f + h*f = 5. What is the highest common factor of f and 2?
1
Suppose 3*i + 3 = 0, -2*b + 2*i - 36 = -108. What is the highest common divisor of 7 and b?
7
Suppose -3*w + 0*w = -42. What is the greatest common divisor of w and 21?
7
Let u be (-16)/40 - 342/(-5). Calculate the highest common factor of 34 and u.
34
Let y(l) = -3 + 3*l + l - 3*l. Let z be y(8). Suppose -z*j + 10 = 2*u, -5*u = 5*j - 0*u - 10. Calculate the highest common divisor of j and 5.
1
Let k = 108 - 91. Suppose -5*s + 375 = -5*y - 415, 469 = 3*s - 2*y. Calculate the highest common divisor of s and k.
17
Let l be 4*3/66 + (-23750)/(-55). What is the highest common factor of l and 48?
48
Let v = -34 - -16. Let p = v - -108. What is the greatest common factor of 18 and p?
18
Let x be (-12)/18 + (-38)/(-3). Let r(c) be the second derivative of 11*c**3/6 - 3*c**2 + c. Let t be r(x). Calculate the highest common divisor of t and 18.
18
Let d(v) = -2*v - 2. Let y be d(-4). Let s = 74 - 32. Calculate the highest common divisor of y and s.
6
Let h(l) = l + 17. Let u be h(-9). Suppose 5*m - 5*s = 60, -4*m - 2 = 2*s - 26. Calculate the highest common divisor of m and u.
8
Let l(d) = -d**3 + 4*d**2. Let c(b) = -b**3 + 2*b**2 + 2*b - 2. Let a be c(2). Let k be l(a). What is the greatest common divisor of k and 20?
4
Suppose 69*z + 18 = 70*z. Calculate the greatest common factor of z and 45.
9
Let u = 17 - -26. Calculate the greatest common divisor of u and 86.
43
Let a = 35 - 16. What is the highest common divisor of 57 and a?
19
Let p(s) be the first derivative of s**2 - 2*s - 1. Let u be p(5). Suppose -y + 58 = -6. What is the highest common divisor of u and y?
8
Suppose 3*v + 0*v + 4*u = 53, 6 = 3*u. Suppose -3*n = -6*n - 5*r + 205, -110 = -2*n + 2*r. What is the greatest common factor of n and v?
15
Let k = 100 - 74. What is the greatest common factor of 104 and k?
26
Suppose 2*c - 451 + 127 = 0. Calculate the greatest common divisor of c and 18.
18
Let a(r) = 2*r**2 - 4*r - 3. Let j be a(4). Let y = 29 - 16. What is the highest common factor of y and j?
13
Let b = -14 + 14. Suppose -x - v = -109, 5*x + 4*v + 3 - 544 = b. Calculate the highest common divisor of 15 and x.
15
Let l be (-265)/40 + 7 + (-906)/(-16). Calculate the greatest common factor